18) - -20.
-1
Calculate 12 - (9 - (5 + -7)) - 20.
-19
Evaluate -2 + 2 + 2 + (1 - (3 + 1)).
-1
What is 29 - (17 - (-11 + 25))?
26
What is the value of (5 - -2 - (-271 - -283)) + -12?
-17
What is the value of (1 - 0) + -1 + -2 + -6 + -4?
-12
What is the value of 6 - 24 - -8 - ((-3 - -6) + 2)?
-15
7 - (4 - -8) - -7 - (4 + -15)
13
What is the value of -8 + -10 + 13 - 1?
-6
What is -12 + 42 + -30 + -2?
-2
(-22 - -69 - (1 + 8)) + -13
25
What is the value of -33 - ((-34 - -1) + 23)?
-23
-6 + (-11 - 1) - -6
-12
What is -6 + -1 + (0 - -3) + 3 + 4?
3
Evaluate 19 - 32 - (-6 - (5 - -1)).
-1
Evaluate 121 + -150 - (-10 - -4).
-23
What is the value of 0 + (10 - 9) + (-9 - 5)?
-13
What is -13 - ((-36 - 3) + (32 - 30))?
24
What is the value of 7 + 1 + 0 - (27 + -3 + -33)?
17
What is the value of 14 - (18 + -42) - 15?
23
Evaluate 1 - 13 - (118 + -131) - -30.
31
Evaluate 14 - (-13 - (-11 - 4)).
12
What is the value of 7 - (10 - (-10 + 20))?
7
(-2 - (-12 + (4 - -15))) + -5
-14
What is (23 + -8 - 20) + 3 + 1?
-1
Calculate 6 - (13 + -1 + -19 - -4).
9
Evaluate -20 + 15 + 0 + 12.
7
-18 + (-19 - (-6 + -16))
-15
Calculate (-35 - -5) + 21 + -4 + -1.
-14
What is the value of -7 + -8 + 6 + -8 + 1?
-16
What is -10 + 3 - (-1 + 0 + -7) - 16?
-15
8 + (-20 + 13 - -15)
16
-2 + (77 - 76 - (1 - 3))
1
Evaluate -33 + 35 + -24 + 10.
-12
Calculate -30 - (15 - (14 + 20)).
-11
What is the value of -5 + -14 + 39 + -31 + (-1 - -19)?
7
Evaluate 4 - (12 + -3 - 4).
-1
What is -8 + 12 + -1 - 3 - -8?
8
(-5 - (1 - 4)) + (-19 - -29)
8
Calculate -44 - (-32 + (-8 - -10)).
-14
Evaluate -14 + (-10 - -35) + -6 + (-6 - 0).
-1
Calculate (6 + 2 - (8 + -13)) + 4 + 0.
17
What is 13 + -29 + (-6 - -18)?
-4
Evaluate -34 + 15 + -7 - (-7 - -6).
-25
137 + -169 - (-2 - 17)
-13
Calculate 3 - 5 - (3 + -2).
-3
What is the value of (-3 - 4 - -10) + -11?
-8
What is the value of -7 - (-1 + 10 + 13 + -9)?
-20
What is the value of -42 + 42 + -9 + -3?
-12
What is 4 + -16 + 10 + 1 - 0?
-1
Evaluate (-13 - (0 + -6 + -5)) + (-2 - 0).
-4
Calculate -5 + (9 - 0 - 1) - 11.
-8
Evaluate 6 + (0 - ((13 - 9) + 4)) + -1.
-3
What is 11 - ((-60 - -58) + -3 + 6 + -20)?
30
-606 + 604 + (1 - 13)
-14
5 + -1 + -1 - (-13 - -30 - 27)
13
Evaluate -4 - -13 - 20 - 4.
-15
What is the value of 8 - -3 - (-7 - -21)?
-3
What is -377 + 328 + (0 - -18) + -4?
-35
What is the value of (-7 - (-2 - 9)) + -7 - -8?
5
What is (-489 - -499) + -1 + -36?
-27
Calculate 4 + 6 - (-3 - 15) - 8.
20
What is the value of (3 - (3 + -29 + 7)) + (1 - 8)?
15
-6 + (-4 - (-17 + -1))
8
Calculate 6 + (10 + 13 + -19 - 17).
-7
Evaluate (-12 - -2) + 17 + 0.
7
Evaluate -31 + 27 - 23 - -28.
1
(-10 - -2 - -1) + -3 + 17 + -13
-6
Calculate -5 + 43 + (-121 - -93).
10
Calculate -7 - (-20 + 26 + (-1 - (29 - 4))).
13
Evaluate (0 + 12 + 3 - 9) + (-2 - 0).
4
Calculate 207 + -207 + -4 + 1 - -18.
15
Evaluate 6 - -2 - (52 - 40).
-4
Evaluate (5 + 0 + 0 + -5 - -1) + 3.
4
Evaluate -20 + 33 + -21 + -6.
-14
What is the value of 5 + (0 + 3 - (-5 + 21))?
-8
Calculate -12 + 2 - (-17 - 1 - -12).
-4
What is (-4 - (-1 - 2) - 6 - -11) + 15?
19
Calculate 23 + (-26 - 14) + 6.
-11
Calculate -5 - ((3 - 14) + 23) - -14.
-3
Evaluate -16 - (-7 + -4 - (-23 + 14)).
-14
(-3 - 0 - (-5 + 2)) + 86 + -83
3
What is the value of (3 - 5) + (40 + -25 - -6)?
19
What is -19 + (-4 - -8 - -6)?
-9
What is -3 + 11 - (15 + (10 - 12))?
-5
-10 + (-73 - -36 - -68)
21
What is 4 + 28 - (18 - 11)?
25
Calculate -26 - (-28 + (28 - 10)).
-16
Calculate 80 + -75 + (4 - 9) + 1.
1
What is (5 - (8 + -3 - 2)) + -8?
-6
Calculate (17 - (-24 - -37)) + -1.
3
Evaluate -13 + (-12 + 13 - (0 + (2 - 3))).
-11
Calculate 9 - 2 - 5 - (25 + -28 + 23).
-18
What is the value of 9 - ((-4 - -8) + (12 - (-11 + 15)))?
-3
What is 10 + 5 + -3 + (-2 - (14 - 11))?
7
What is the value of (16 - 1) + (72 - 82) + 10?
15
Calculate -2 - (-18 + -2) - (-2 + 4 - -1).
15
-16 - (10 + -5 + -6 + 0)
-15
(-391 - -376) + (1 - -7)
-7
What is -2 + (18 - (-1 + 4) - 8)?
5
-3 - (-9 + 6 + -2 + (6 - 4))
0
Evaluate -22 + 22 + -11 + 25.
14
Evaluate -6 + 2 + -6 + 7 - (-6 + 11).
-8
What is the value of 12 - ((24 - 4) + -18)?
10
Evaluate -4 + 1 - (22 - 40).
15
-12 + -8 + 15 - (-10 + 16)
-11
22 + 19 + (-7 - -4) + -8
30
What is 8 - (-2 - (-1 - (2 + 5)))?
2
What is 4 - (-8 + 15) - 6?
-9
Calculate 3 + -1 + 3 + -17 - (50 + -45).
-17
5 - ((-4 - -10 - 4) + 3) - -6
6
What is -37 + 47 + (-13 - -2)?
-1
-15 + 11 + -15 + 6
-13
-3 + -27 + 15 - -6 - 11
-20
What is the value of -13 - (-14 - -2 - -13)?
-14
Evaluate -3 + (-10 - -9) - (-5 - -7 - 1).
-5
What is the value of 8 - (-5 + (6 - -4) + 1)?
2
What is -3 + 14 + -5 - 10 - 15?
-19
What is the value of (-1 - 3) + 0 - ((2 - -11) + -23)?
6
Evaluate (8 + -4 - 12) + 12 + -10.
-6
What is the value of (-15 + -12 - (-2 + 2 + -11)) + 4?
-12
Evaluate 6 + (-21 - -6) + 16 + 4.
11
What is the value of 36 + -29 + -2 + 2 + -7?
0
-22 - (6 + -36 + 19)
-11
Evaluate -2 + (2 - 0 - 5) + -9 + 22.
8
What is -12 + 8 - (4 - 11)?
3
What is the value of -5 + -10 + 1 + -1 + 5 + -2?
-12
8 + -1 + (132 - 139) + 12
12
What is the value of -4 + 0 - (296 + -306)?
6
Calculate (11 - (22 - 20)) + -8 + -4.
-3
Calculate 7 - -1 - (36 + -24 + 9).
-13
What is the value of -1 + 2 + -103 + 90 + 35?
23
What is the value of (-11 - -16) + (-19 - -3)?
-11
What is 8 - (12 - (0 - -16) - -9)?
3
(-4 - (6 + -3 - (3 - 1))) + 1
-4
Calculate -16 + 37 + -1 + 9 - -5.
34
What is the value of 8 - (2 + (-2 - (-28 + -5)))?
-25
Calculate 21 + (0 + -1 - (-18 + 34 + -12)).
16
What is 10 - (9 - 9 - -7 - 3)?
6
What is the value of -7 - ((-39 + 41 - (7 + -2)) + 4)?
-8
What is the value of -5 - -14 - -7 - (-2 + 1 + 0)?
17
Evaluate (0 - -20) + -2 - (75 - 16 - 54).
13
What is 16 + (-5 - 2 - (-1 - (4 - 3)))?
11
Evaluate 0 + (3 - -4) - 4 - 17.
-14
18 - (1 + 13 + -11 + -12)
27
5 + (2 - (3 - 1)) + -2 - 4
-1
What is 31 - 14 - 17 - 7?
-7
What is the value of (-8 - -6) + 5 + -18?
-15
Calculate 7 + 2 + 5 + -18 + 1.
-3
Evaluate 8 - -5 - 18 - (14 - 6).
-13
Evaluate (-26 - -1) + (-380 - -393).
-12
What is (12 - -7) + -28 + -6?
-15
What is 3 - (17 + -31) - 10?
7
Evaluate 6 - ((-33 - -15) + 22 - (-15 - 0)).
-13
What is the value of 16 + 21 + (-17 - 16)?
4
Evaluate 2 + -10 - ((9 - 21 - -26) + -14).
-8
283 - 272 - (26 - 0)
-15
What is the value of -2 + 5 - (49 + -42 - (1 + 0))?
-3
What is -2 - (19 - (-14 - -17))?
-18
(19 - 6) + -14 - 6
-7
What is the value of (37 + -11 - -1) + (-10 - 3)?
14
Evaluate 13 - (13 + -7 + -8 + 1).
14
Evaluate 0 + (0 + -2 - (-4 - -9)) + 0.
-7
Evaluate -36 + -1 + 6 + 6 + 3 + -5.
-27
Evaluate 14 - (16 + -46) - 25.
19
What is the value of -6 - (1 - 12) - (-11 - -1 - -7)?
8
Calculate (6 - (-7 + -2 - -13)) + -32.
-30
What is the value of 64 + -61 + (1 - 1) + 0?
3
What is (-57 - -14) + 28 + 15?
0
Calculate 25 - (-30 + 25 + 41).
-11
What is (2 - 3) + 2 + (-1 - 2) - -18?
16
Evaluate -110 - -114 - (10 + -1).
-5
-29 - -9 - (3 + -13)
-10
Evaluate (10 - (7 + -8)) + -9 + 31 + -10.
23
4 + 8 - 3 - 5
4
Calculate -6 + -3 + 0 - -18.
9
Evaluate 1 + (-20 - 2 - (-31 - -17 - -2)).
-9
Calculate 3 - (3 + 2) - 5 - (4 + -32).
21
What is -1 + (-5 - -9) - (-1 + -10 + 20)?
-6
Calculate -3 + (-28 - (5 + -12) - -8).
-16
4 + 1 + (-18 - 0) + 32
19
(-12 - (-18 - 11) - 1) + 10
26
Calculate -3 + (-2 + -3 - ((32 - 27) + -5)).
-8
What is the value of (-11 - -13) + -1 + (6 - 2)?
5
What is the value of -1 + -7 + 67 + -67 - (0 - 1)?
-7
What is the value of (3 - 1) + 10 + (-6 - -6 - 7)?
5
What is 3 + -48 + (7 - (15 + -18))?
-35
-23 + 0 - -5 - (-14 + 2)
-6
Evaluate 2 - (-4 + 11 - 9 - (1 - -19)).
24
What is 6 + (-23 - (-3 + 1 + -4)) + 2?
-9
Calculate 6 + 1 + 0 + 35 + -21 + -32.
-11
Calculate (-19 + -13 - -13) + 6.
-13
What is the value of (0 - 3 - -2) + -10 + (-257 - -257)?
-11
Calculate -12 - (-46 - -23) - -1.
12
Calculate (1 - (11 + -7)) + -5 - -35 - 3.
24
Calculate 10 - (30 - (-3 - -4) - (-7 - -11)).
-15
What is -3 - -1 - -7 - (6 - 10 - -4)?
5
Calculate (9 - 0) + (-9 - (2 + (1 - 7))).
4
Calculate 8 - (78 + -80 + (0 - (2 + -1))).
11
What is the value of -3 + -15 + 9 - -8?
-1
What is the value of -7 + (2 - -12) + -27 + 24?
4
What is 6 - (-1 + (-1 - 3)) - (8 + -3)?
6
What is the value of 4 - (-3 - -4 - (3 + -15 - 3))?
-12
Calculate 16 + (5 - (17 - 7)) + -3.
8
What is 7 + -3 + 1 + 15 + -23?
-3
Calculate -15 - (-5 + 6 - (-7 + 11) - 8).
-4
Calculate 1708 - 1